{"id":1805,"date":"2026-04-11T19:36:25","date_gmt":"2026-04-11T17:36:25","guid":{"rendered":"https:\/\/blog.kolatzek.org\/wblog\/?post_type=quote&#038;p=1805"},"modified":"2026-04-11T19:36:26","modified_gmt":"2026-04-11T17:36:26","slug":"die-jugend-und-der-sinn-des-lebens","status":"publish","type":"quote","link":"https:\/\/blog.kolatzek.org\/wblog\/quote\/die-jugend-und-der-sinn-des-lebens","title":{"rendered":"Die Jugend und der Sinn des Lebens"},"content":{"rendered":"\n<p>Wenn die Menschen, gerade die Jugend, ungest\u00fcm nach dem Sinn des Lebens fragen: Gebt ihr ihnen eine \u00fcberzeugende verst\u00e4ndliche Antwort!<\/p>\n","protected":false},"template":"","quote-category":[],"class_list":["post-1805","quote","type-quote","status-publish","hentry","entry"],"_links":{"self":[{"href":"https:\/\/blog.kolatzek.org\/wblog\/wp-json\/wp\/v2\/quote\/1805","targetHints":{"allow":["GET"]}}],"collection":[{"href":"https:\/\/blog.kolatzek.org\/wblog\/wp-json\/wp\/v2\/quote"}],"about":[{"href":"https:\/\/blog.kolatzek.org\/wblog\/wp-json\/wp\/v2\/types\/quote"}],"wp:attachment":[{"href":"https:\/\/blog.kolatzek.org\/wblog\/wp-json\/wp\/v2\/media?parent=1805"}],"wp:term":[{"taxonomy":"quote-category","embeddable":true,"href":"https:\/\/blog.kolatzek.org\/wblog\/wp-json\/wp\/v2\/quote-category?post=1805"}],"curies":[{"name":"wp","href":"https:\/\/api.w.org\/{rel}","templated":true}]}}

<p>Wenn die Menschen, gerade die Jugend, ungestüm nach dem Sinn des Lebens fragen: Gebt ihr ihnen eine überzeugende verständliche Antwort!</p>
