{"id":1628,"date":"2025-01-09T20:58:35","date_gmt":"2025-01-09T19:58:35","guid":{"rendered":"https:\/\/blog.kolatzek.org\/wblog\/?post_type=quote&#038;p=1628"},"modified":"2025-01-09T20:58:35","modified_gmt":"2025-01-09T19:58:35","slug":"denken","status":"publish","type":"quote","link":"https:\/\/blog.kolatzek.org\/wblog\/quote\/denken","title":{"rendered":"Denken"},"content":{"rendered":"<p>Offenbar ist der Mensch zum Denken bestimmt &#8211; das ist seine W\u00fcrde und Gr\u00f6\u00dfe, seine Pflicht aber ist es, richtig zu denken.<\/p>\n","protected":false},"template":"","quote-category":[],"class_list":["post-1628","quote","type-quote","status-publish","hentry","entry"],"_links":{"self":[{"href":"https:\/\/blog.kolatzek.org\/wblog\/wp-json\/wp\/v2\/quote\/1628","targetHints":{"allow":["GET"]}}],"collection":[{"href":"https:\/\/blog.kolatzek.org\/wblog\/wp-json\/wp\/v2\/quote"}],"about":[{"href":"https:\/\/blog.kolatzek.org\/wblog\/wp-json\/wp\/v2\/types\/quote"}],"wp:attachment":[{"href":"https:\/\/blog.kolatzek.org\/wblog\/wp-json\/wp\/v2\/media?parent=1628"}],"wp:term":[{"taxonomy":"quote-category","embeddable":true,"href":"https:\/\/blog.kolatzek.org\/wblog\/wp-json\/wp\/v2\/quote-category?post=1628"}],"curies":[{"name":"wp","href":"https:\/\/api.w.org\/{rel}","templated":true}]}}

<p>Offenbar ist der Mensch zum Denken bestimmt &#8211; das ist seine Würde und Größe, seine Pflicht aber ist es, richtig zu denken.</p>
